{"id":592,"date":"2018-01-27T10:08:55","date_gmt":"2018-01-27T13:08:55","guid":{"rendered":"http:\/\/www.frcg.com.br\/?page_id=592"},"modified":"2026-03-18T08:36:52","modified_gmt":"2026-03-18T11:36:52","slug":"1a-etapa","status":"publish","type":"page","link":"https:\/\/www.frcg.com.br\/?page_id=592","title":{"rendered":"1\u00aa Etapa"},"content":{"rendered":"<p style=\"text-align: justify;\">A 1\u00aa Etapa do FRCG 2026 ser\u00e1 realizada pelo CTG Juca Ruivo de Maravilha nos dias 21 e 22 de mar\u00e7o de 2026.\u00a0<\/p>\n<p>As inscri\u00e7\u00f5es estar\u00e3o abertas no dia 09\/03\/2026 \u00e0s 08hs e finalizam no dia 10\/03\/2026 \u00e0s 20hs atrav\u00e9s do <a href=\"https:\/\/sistema.borsoi.com.br\/\">https:\/\/sistema.borsoi.com.br<\/a><\/p>\n<p style=\"text-align: justify;\">Modalidades individuais ser\u00e3o:<\/p>\n<ul>\n<li style=\"list-style-type: none;\">\n<ul>\n<li>Chula Individual<\/li>\n<li>Chula Trio\u00a0<\/li>\n<li>Gaita Tecla e Ponto Mirim a Veterano &#8211; pe\u00f5es e prendas juntos.<\/li>\n<li>Conjunto Vocal<\/li>\n<li>Mais Prendada Prenda<\/li>\n<li>Pe\u00e3o Barriga Verde do FRCG<\/li>\n<\/ul>\n<\/li>\n<\/ul>\n\n\n<p><strong>Aten\u00e7\u00e3o<\/strong>: no Concurso Mais Prendada Prenda, ser\u00e1 permitido somente a inscri\u00e7\u00e3o de 2 concorrentes por categoria, conforme est\u00e1 no regulamento.<\/p>\n\n\n\n<hr class=\"wp-block-separator has-alpha-channel-opacity\"\/>\n\n\n\n<p><strong><u>PROGRAMA\u00c7\u00c3O ART\u00cdSTICA<\/u><\/strong><\/p>\n\n\n\n<p><strong>S\u00c1BADO: 21\/03\/2026<\/strong><\/p>\n\n\n\n<p><strong>*PALCO-01<\/strong><\/p>\n\n\n\n<p>9hs &#8211; DAN\u00c7AS TRADICIONAIS GA\u00daCHAS<br>MIRIM  e JUVENIL FOR\u00c7A (B), NA SEQU\u00caNCIA MIRIM e JUVENIL FOR\u00c7A (A) por Entidade.<br>12h &#8211; Conjunto Vocal Mirim e Juvenil &nbsp;<br>12h &#8211; ALMO\u00c7O <strong>&nbsp;<\/strong><br>13h &#8211; CONTINUA\u00c7\u00c3O DAN\u00c7AS TRADICIONAIS<\/p>\n\n\n\n<p><strong>*PALCO-02<\/strong><\/p>\n\n\n\n<p>09hs \u2013 Mais prendada prenda do 20\u00b0 FRCG 2026 &nbsp;PR\u00c9- MIRIM, MIRIM e JUVENIL<\/p>\n\n\n\n<p><strong>*PALCO-03<\/strong><\/p>\n\n\n\n<p>09hs \u2013 Concurso do Pe\u00e3o do 20\u00b0 FRCG 2026 &nbsp;PR\u00c9- MIRIM, MIRIM e JUVENIL<br>13:00h \u2013 &nbsp;IN\u00cdCIO DOS CONCURSOS DE GAITAS<br>Gaita Tecla &nbsp;&#8211; Gaita Ponto &nbsp;MIRIM e JUVENIL<br>Ap\u00f3s &nbsp;&nbsp;&#8211; IN\u00cdCIO DOS CONCURSOS DE CHULA<br>&#8211; TRIO MIRIM tr\u00eas passos<br>&#8211; TRIO JUVENIL quatro passos<br>NA SEQU\u00caNCIA&nbsp; CHULA INDIVIDUAL<br>&#8211; PR\u00c9 MIRIM tr\u00eas passos<br>&#8211; MIRIM quatro passos<br>&#8211; JUVENIL cinco passos<\/p>\n\n\n\n<p><strong>*PALCO-0<\/strong>4<\/p>\n\n\n\n<p>13hs &#8211; Provas campeiras do concurso de pe\u00e3o FRCG<\/p>\n\n\n\n<p>21h Entrega da Premia\u00e7\u00e3o das Dan\u00e7as Tradicionais Palco da CHULA<\/p>\n\n\n\n<p>23h&nbsp; BAILE<\/p>\n\n\n\n<p><strong><u>DOMINGO-22\/03\/2026<\/u><\/strong><\/p>\n\n\n\n<p><strong>*PALCO 01-<\/strong><\/p>\n\n\n\n<p>08:30 h IN\u00cdCIO DOS CONCURSOS DAN\u00c7AS TRADICIONAIS GA\u00daCHAS<br>VETERANO FOR\u00c7A (A)&nbsp;depois ADULTO FOR\u00c7A(B) e por fim&nbsp; ADULTA FOR\u00c7A (A)&nbsp;&nbsp;<br>12h &#8211; Conjunto Vocal Adulto e Veterano<br>12h &#8211; ALMO\u00c7O&nbsp;&nbsp;<br>13h &#8211; REINICIO DAS DAN\u00c7AS GA\u00daCHAS&nbsp;<\/p>\n\n\n\n<p><strong>*PALCO-02<\/strong><\/p>\n\n\n\n<p>08:30h \u2013 Mais prendada prenda do 20\u00b0 FRCG 2026 ADULTA e VETERANA<\/p>\n\n\n\n<p><strong>*PALCO-03<\/strong><\/p>\n\n\n\n<p>08:30h \u2013 Concurso do Pe\u00e3o do 20\u00b0 FRCG 2026 &nbsp;VETERANO e ADULTO<br>13:00h \u2013 &nbsp;IN\u00cdCIO DOS CONCURSOS DE GAITAS<br>Gaita Tecla&nbsp; &#8211; Gaita Ponto &nbsp;VETERANO e ADULTO<br>Ap\u00f3s&nbsp; &nbsp;&#8211; IN\u00cdCIO DOS CONCURSOS DE CHULA<br>TRIO ADULTO quatro passos<br>TRIO VETERANO \u2013 tr\u00eas passos<br>SEQU\u00caNCIA CHULA INDIVIDUAL<br>ADULTO seis passos<br>VETERANO quatro passos<br>VAQUEANO\/Xir\u00fa quatro passos<\/p>\n\n\n\n<p><strong>*PALCO-04<\/strong><\/p>\n\n\n\n<p>12hs &#8211; Provas Campeiras do Concurso de Pe\u00e3o FRCG ADULTO e VETERANO<\/p>\n\n\n\n<p><strong><em><u>OBSERVA\u00c7\u00d5ES IMPORTANTES:<\/u><\/em><\/strong><\/p>\n\n\n\n<p>1\u00ba) SER\u00c1 BASEADO NO REGULAMENTO DO 20\u00ba FRCG E DO MTG-SC .<\/p>\n\n\n\n<p>A COMISS\u00c3O ORGANIZADORA DO 25\u00ba RODEIO PODE SE MANIFESTAR PARA O MELHOR ANDAMENTO DO RODEIO.<\/p>\n\n\n\n<p>2\u00ba) TODOS OS PARTICIPANTES DEVER\u00c3O&nbsp; TER EM M\u00c3OS CARTEIRA DO MTG\/SC PARA CONFER\u00caNCIA DAS INSCRI\u00c7\u00d5ES&nbsp; OU POSSIVEIS&nbsp; D\u00daVIDAS.<\/p>\n\n\n\n<p>3\u00ba)AS INSCRI\u00c7\u00d5ES TER\u00c3O IN\u00cdCIO AS 8h HORAS DO DIA 09\/03 E SE&nbsp; ENCERRAR\u00c3O AS 20h DO DIA 10\/03&nbsp;&nbsp;&nbsp;<\/p>\n\n\n\n<p>AS INSCRI\u00c7\u00d5ES ATRAV\u00c9S DO&nbsp; do site do FRCG &nbsp;http:\/\/sistema.borsoi.com.br<\/p>\n\n\n\n<p>4\u00ba) A ORDEM DE APRESENTA\u00c7\u00c3O VAI ESTAR DISPON\u00cdVEL NO SITE DO FRCG ASSIM COMO OS POSS\u00cdVEIS HOR\u00c1RIOS DE APRESENTA\u00c7\u00d5ES<\/p>\n\n\n\n<p>5\u00b0)&nbsp; NESTA EDI\u00c7\u00c3O 25\u00b0Rodeio Crioulo e Artistico<\/p>\n\n\n\n<p>NAS DAN\u00c7AS TRADICIONAIS OBSERVA\u00c7\u00d5ES: (Os Grupo que quiserem participar do 25\u00b0Rodeio Crioulo e Art\u00edstico do CTG Juca Ruivo dever\u00e1 escolher uma das &nbsp;Dan\u00e7as que o grupo escolheu para dan\u00e7ar pelo 20\u2070 FRCG, e esta \u00fanica dan\u00e7a que vai valer para ser campe\u00e3 do 25\u00ba Rodeio. As dan\u00e7as ser\u00e3o de LIVRE escolha para o Rodeio, sendo que dever\u00e1 dan\u00e7ar dan\u00e7as de blocos diferentes. Blocos do MTG-SC.<\/p>\n\n\n\n<p>&nbsp;6\u00ba) MODALIDADES<\/p>\n\n\n\n<p>DAN\u00c7AS TRADICIONAIS NAS CATEGORIAS<br>MIRIM, JUVENIL, ADULTO FOR\u00c7A (A e B) e VETERANO FOR\u00c7A (A)<\/p>\n\n\n\n<p>CHULA PR\u00c9 MIRIM, MIRIM, JUVENIL, ADULTO, VETERANO e VAQUEANO\/XIR\u00da<\/p>\n\n\n\n<p>CHULA TRIO MIRIM, JUVENIL ADULTO E VETERANO<\/p>\n\n\n\n<p>&nbsp;GAITA PIANADA Mirim, juvenil, adulto e veterano<\/p>\n\n\n\n<p>GAITA PONTO Mirim, juvenil, adulto e veterano<\/p>\n\n\n\n<p>CONJUNTO VOCAL Mirim, juvenil, adulto e veterano<\/p>\n\n\n\n<p>7\u00ba) OBS:NAS CATEGORIAS INDIVIDUAIS SER\u00c1 PERMITIDO A PARTICIPA\u00c7\u00c3O&nbsp; DE AT\u00c9 3(TR\u00caS) INTEGRANTES POR CTG.<\/p>\n\n\n\n<p>8\u00ba) PARA ALOJAMENTO E OUTRAS DUVIDAS ENTRAR EM CONTATO PELO WHATSAPP JEFERSON DE QUADROS MOREIRA&nbsp; (49)-99998 6985 Tim OU (49)98809-3051 CLARO<\/p>\n\n\n\n<p>9\u00ba) &nbsp;SER\u00c1 INSTITU\u00cdDO UM TROF\u00c9U DE CAMPE\u00c3O GERAL DO 25\u00ba RODEIO e do 20\u00ba FRCG, &nbsp;PARA A ENTIDADE QUE SOMAR MAIOR N\u00daMERO DE PONTOS NA&nbsp; PARTE ART\u00cdSTICA GRUPOS DE DAN\u00c7AS e INDIVIDUAIS<\/p>\n\n\n\n<p>PREMIA\u00c7\u00c3O PARA GRUPOS DE DAN\u00c7AS TROF\u00c9US AT\u00c9 O 3\u00b0 LUGAR E DINHEIRO<\/p>\n\n\n\n<p>PREMIA\u00c7\u00c3O PARA TODOS CONCURSOS INDIVIDUAIS COM TROF\u00c9US AT\u00c9 O 3\u00b0 LUGAR<\/p>\n\n\n\n<p>NOS CONCURSOS DE CHULA TRIO E&nbsp; PR\u00c9 MIRIM CHULA SER\u00c1 CONFECCIONADAS MEDALHAS.<\/p>\n\n\n\n<p>O PROMOTOR DO EVENTO N\u00c3O TEM OBRIGA\u00c7\u00c3O DE ESTAR ENVIANDO PREMIA\u00c7\u00c3O PARA QUEM N\u00c3O ESTIVER PRESENTE NO MOMENTO DA PREMIA\u00c7\u00c3O, <\/p>\n\n\n\n<p>A PROGRAM\u00c7\u00c3O PODERA SOFRER ALTERA\u00c7\u00d5ES PELO COMISS\u00c3O DO FRCG JUNTAMENTO COM O RODEIO.<\/p>\n","protected":false},"excerpt":{"rendered":"<p>A 1\u00aa Etapa do FRCG 2026 ser\u00e1 realizada pelo CTG Juca Ruivo de Maravilha nos dias 21 e 22 de mar\u00e7o de 2026.\u00a0 As inscri\u00e7\u00f5es estar\u00e3o abertas no dia 09\/03\/2026 \u00e0s 08hs e finalizam no dia 10\/03\/2026 \u00e0s 20hs atrav\u00e9s do https:\/\/sistema.borsoi.com.br Modalidades individuais ser\u00e3o: Chula Individual Chula Trio\u00a0 Gaita Tecla e Ponto Mirim a &hellip; <a href=\"https:\/\/www.frcg.com.br\/?page_id=592\" class=\"more-link\">Continue lendo <span class=\"screen-reader-text\">1\u00aa Etapa<\/span> <span class=\"meta-nav\">&rarr;<\/span><\/a><\/p>\n","protected":false},"author":1,"featured_media":0,"parent":0,"menu_order":1,"comment_status":"open","ping_status":"closed","template":"","meta":{"jetpack_post_was_ever_published":false,"footnotes":""},"class_list":["post-592","page","type-page","status-publish","hentry"],"jetpack_shortlink":"https:\/\/wp.me\/P2PHH9-9y","jetpack_sharing_enabled":true,"_links":{"self":[{"href":"https:\/\/www.frcg.com.br\/index.php?rest_route=\/wp\/v2\/pages\/592","targetHints":{"allow":["GET"]}}],"collection":[{"href":"https:\/\/www.frcg.com.br\/index.php?rest_route=\/wp\/v2\/pages"}],"about":[{"href":"https:\/\/www.frcg.com.br\/index.php?rest_route=\/wp\/v2\/types\/page"}],"author":[{"embeddable":true,"href":"https:\/\/www.frcg.com.br\/index.php?rest_route=\/wp\/v2\/users\/1"}],"replies":[{"embeddable":true,"href":"https:\/\/www.frcg.com.br\/index.php?rest_route=%2Fwp%2Fv2%2Fcomments&post=592"}],"version-history":[{"count":38,"href":"https:\/\/www.frcg.com.br\/index.php?rest_route=\/wp\/v2\/pages\/592\/revisions"}],"predecessor-version":[{"id":1333,"href":"https:\/\/www.frcg.com.br\/index.php?rest_route=\/wp\/v2\/pages\/592\/revisions\/1333"}],"wp:attachment":[{"href":"https:\/\/www.frcg.com.br\/index.php?rest_route=%2Fwp%2Fv2%2Fmedia&parent=592"}],"curies":[{"name":"wp","href":"https:\/\/api.w.org\/{rel}","templated":true}]}}

1ª Etapa

<p style="text-align: justify;">A 1ª Etapa do FRCG 2026 será realizada pelo CTG Juca Ruivo de Maravilha nos dias 21 e 22 de março de 2026. </p>
<p>As inscrições estarão abertas no dia 09/03/2026 às 08hs e finalizam no dia 10/03/2026 às 20hs através do <a href="https://sistema.borsoi.com.br/">https://sistema.borsoi.com.br</a></p>
<p style="text-align: justify;">Modalidades individuais serão:</p>
<ul>
<li style="list-style-type: none;">
<ul>
<li>Chula Individual</li>
<li>Chula Trio </li>
<li>Gaita Tecla e Ponto Mirim a Veterano &#8211; peões e prendas juntos.</li>
<li>Conjunto Vocal</li>
<li>Mais Prendada Prenda</li>
<li>Peão Barriga Verde do FRCG</li>
</ul>
</li>
</ul>


<p><strong>Atenção</strong>: no Concurso Mais Prendada Prenda, será permitido somente a inscrição de 2 concorrentes por categoria, conforme está no regulamento.</p>



<hr class="wp-block-separator has-alpha-channel-opacity"/>



<p><strong><u>PROGRAMAÇÃO ARTÍSTICA</u></strong></p>



<p><strong>SÁBADO: 21/03/2026</strong></p>



<p><strong>*PALCO-01</strong></p>



<p>9hs &#8211; DANÇAS TRADICIONAIS GAÚCHAS<br>MIRIM  e JUVENIL FORÇA (B), NA SEQUÊNCIA MIRIM e JUVENIL FORÇA (A) por Entidade.<br>12h &#8211; Conjunto Vocal Mirim e Juvenil &nbsp;<br>12h &#8211; ALMOÇO <strong>&nbsp;</strong><br>13h &#8211; CONTINUAÇÃO DANÇAS TRADICIONAIS</p>



<p><strong>*PALCO-02</strong></p>



<p>09hs – Mais prendada prenda do 20° FRCG 2026 &nbsp;PRÉ- MIRIM, MIRIM e JUVENIL</p>



<p><strong>*PALCO-03</strong></p>



<p>09hs – Concurso do Peão do 20° FRCG 2026 &nbsp;PRÉ- MIRIM, MIRIM e JUVENIL<br>13:00h – &nbsp;INÍCIO DOS CONCURSOS DE GAITAS<br>Gaita Tecla &nbsp;&#8211; Gaita Ponto &nbsp;MIRIM e JUVENIL<br>Após &nbsp;&nbsp;&#8211; INÍCIO DOS CONCURSOS DE CHULA<br>&#8211; TRIO MIRIM três passos<br>&#8211; TRIO JUVENIL quatro passos<br>NA SEQUÊNCIA&nbsp; CHULA INDIVIDUAL<br>&#8211; PRÉ MIRIM três passos<br>&#8211; MIRIM quatro passos<br>&#8211; JUVENIL cinco passos</p>



<p><strong>*PALCO-0</strong>4</p>



<p>13hs &#8211; Provas campeiras do concurso de peão FRCG</p>



<p>21h Entrega da Premiação das Danças Tradicionais Palco da CHULA</p>



<p>23h&nbsp; BAILE</p>



<p><strong><u>DOMINGO-22/03/2026</u></strong></p>



<p><strong>*PALCO 01-</strong></p>



<p>08:30 h INÍCIO DOS CONCURSOS DANÇAS TRADICIONAIS GAÚCHAS<br>VETERANO FORÇA (A)&nbsp;depois ADULTO FORÇA(B) e por fim&nbsp; ADULTA FORÇA (A)&nbsp;&nbsp;<br>12h &#8211; Conjunto Vocal Adulto e Veterano<br>12h &#8211; ALMOÇO&nbsp;&nbsp;<br>13h &#8211; REINICIO DAS DANÇAS GAÚCHAS&nbsp;</p>



<p><strong>*PALCO-02</strong></p>



<p>08:30h – Mais prendada prenda do 20° FRCG 2026 ADULTA e VETERANA</p>



<p><strong>*PALCO-03</strong></p>



<p>08:30h – Concurso do Peão do 20° FRCG 2026 &nbsp;VETERANO e ADULTO<br>13:00h – &nbsp;INÍCIO DOS CONCURSOS DE GAITAS<br>Gaita Tecla&nbsp; &#8211; Gaita Ponto &nbsp;VETERANO e ADULTO<br>Após&nbsp; &nbsp;&#8211; INÍCIO DOS CONCURSOS DE CHULA<br>TRIO ADULTO quatro passos<br>TRIO VETERANO – três passos<br>SEQUÊNCIA CHULA INDIVIDUAL<br>ADULTO seis passos<br>VETERANO quatro passos<br>VAQUEANO/Xirú quatro passos</p>



<p><strong>*PALCO-04</strong></p>



<p>12hs &#8211; Provas Campeiras do Concurso de Peão FRCG ADULTO e VETERANO</p>



<p><strong><em><u>OBSERVAÇÕES IMPORTANTES:</u></em></strong></p>



<p>1º) SERÁ BASEADO NO REGULAMENTO DO 20º FRCG E DO MTG-SC .</p>



<p>A COMISSÃO ORGANIZADORA DO 25º RODEIO PODE SE MANIFESTAR PARA O MELHOR ANDAMENTO DO RODEIO.</p>



<p>2º) TODOS OS PARTICIPANTES DEVERÃO&nbsp; TER EM MÃOS CARTEIRA DO MTG/SC PARA CONFERÊNCIA DAS INSCRIÇÕES&nbsp; OU POSSIVEIS&nbsp; DÚVIDAS.</p>



<p>3º)AS INSCRIÇÕES TERÃO INÍCIO AS 8h HORAS DO DIA 09/03 E SE&nbsp; ENCERRARÃO AS 20h DO DIA 10/03&nbsp;&nbsp;&nbsp;</p>



<p>AS INSCRIÇÕES ATRAVÉS DO&nbsp; do site do FRCG &nbsp;http://sistema.borsoi.com.br</p>



<p>4º) A ORDEM DE APRESENTAÇÃO VAI ESTAR DISPONÍVEL NO SITE DO FRCG ASSIM COMO OS POSSÍVEIS HORÁRIOS DE APRESENTAÇÕES</p>



<p>5°)&nbsp; NESTA EDIÇÃO 25°Rodeio Crioulo e Artistico</p>



<p>NAS DANÇAS TRADICIONAIS OBSERVAÇÕES: (Os Grupo que quiserem participar do 25°Rodeio Crioulo e Artístico do CTG Juca Ruivo deverá escolher uma das &nbsp;Danças que o grupo escolheu para dançar pelo 20⁰ FRCG, e esta única dança que vai valer para ser campeã do 25º Rodeio. As danças serão de LIVRE escolha para o Rodeio, sendo que deverá dançar danças de blocos diferentes. Blocos do MTG-SC.</p>



<p>&nbsp;6º) MODALIDADES</p>



<p>DANÇAS TRADICIONAIS NAS CATEGORIAS<br>MIRIM, JUVENIL, ADULTO FORÇA (A e B) e VETERANO FORÇA (A)</p>



<p>CHULA PRÉ MIRIM, MIRIM, JUVENIL, ADULTO, VETERANO e VAQUEANO/XIRÚ</p>



<p>CHULA TRIO MIRIM, JUVENIL ADULTO E VETERANO</p>



<p>&nbsp;GAITA PIANADA Mirim, juvenil, adulto e veterano</p>



<p>GAITA PONTO Mirim, juvenil, adulto e veterano</p>



<p>CONJUNTO VOCAL Mirim, juvenil, adulto e veterano</p>



<p>7º) OBS:NAS CATEGORIAS INDIVIDUAIS SERÁ PERMITIDO A PARTICIPAÇÃO&nbsp; DE ATÉ 3(TRÊS) INTEGRANTES POR CTG.</p>



<p>8º) PARA ALOJAMENTO E OUTRAS DUVIDAS ENTRAR EM CONTATO PELO WHATSAPP JEFERSON DE QUADROS MOREIRA&nbsp; (49)-99998 6985 Tim OU (49)98809-3051 CLARO</p>



<p>9º) &nbsp;SERÁ INSTITUÍDO UM TROFÉU DE CAMPEÃO GERAL DO 25º RODEIO e do 20º FRCG, &nbsp;PARA A ENTIDADE QUE SOMAR MAIOR NÚMERO DE PONTOS NA&nbsp; PARTE ARTÍSTICA GRUPOS DE DANÇAS e INDIVIDUAIS</p>



<p>PREMIAÇÃO PARA GRUPOS DE DANÇAS TROFÉUS ATÉ O 3° LUGAR E DINHEIRO</p>



<p>PREMIAÇÃO PARA TODOS CONCURSOS INDIVIDUAIS COM TROFÉUS ATÉ O 3° LUGAR</p>



<p>NOS CONCURSOS DE CHULA TRIO E&nbsp; PRÉ MIRIM CHULA SERÁ CONFECCIONADAS MEDALHAS.</p>



<p>O PROMOTOR DO EVENTO NÃO TEM OBRIGAÇÃO DE ESTAR ENVIANDO PREMIAÇÃO PARA QUEM NÃO ESTIVER PRESENTE NO MOMENTO DA PREMIAÇÃO, </p>



<p>A PROGRAMÇÃO PODERA SOFRER ALTERAÇÕES PELO COMISSÃO DO FRCG JUNTAMENTO COM O RODEIO.</p>

<p>A 1ª Etapa do FRCG 2026 será realizada pelo CTG Juca Ruivo de Maravilha nos dias 21 e 22 de março de 2026.  As inscrições estarão abertas no dia 09/03/2026 às 08hs e finalizam no dia 10/03/2026 às 20hs através do https://sistema.borsoi.com.br Modalidades individuais serão: Chula Individual Chula Trio  Gaita Tecla e Ponto Mirim a &hellip; <a href="https://www.frcg.com.br/?page_id=592" class="more-link">Continue lendo <span class="screen-reader-text">1ª Etapa</span> <span class="meta-nav">&rarr;</span></a></p>
