{"id":604,"date":"2018-01-27T10:35:01","date_gmt":"2018-01-27T13:35:01","guid":{"rendered":"http:\/\/www.frcg.com.br\/?page_id=604"},"modified":"2026-03-22T21:18:36","modified_gmt":"2026-03-23T00:18:36","slug":"geral","status":"publish","type":"page","link":"https:\/\/www.frcg.com.br\/?page_id=604","title":{"rendered":"Geral"},"content":{"rendered":"<p><a href=\"https:\/\/www.frcg.com.br\/2026\/Geral\/Geral%20-%20Individuais.HTM\">Resultados Acumulados &#8211; Individuais e Birivas<\/a><br \/><a href=\"https:\/\/www.frcg.com.br\/2026\/Geral\/Geral%20-%20Entidades.HTM\">Resultados Acumulados &#8211; Dan\u00e7as e Conjunto Vocal<\/a><br \/><a href=\"https:\/\/www.frcg.com.br\/2026\/Geral\/Campe%e3o%20Geral.HTM\">Campe\u00e3o Geral<\/a><\/p>\n<p><a href=\"https:\/\/www.frcg.com.br\/2026\/Geral\/Dan%e7as%20Apresentadas.HTM\">Dan\u00e7as Apresentadas\u00a0<\/a><br \/>Poesias Declamadas<br \/>M\u00fasicas Interpretadas &#8211; Solista Vocal<br \/><a href=\"https:\/\/www.frcg.com.br\/2026\/Geral\/M%fasicas%20Executadas%20-%20Instrumentais.HTM\">M\u00fasicas Executadas &#8211; Instrumentais<\/a><\/p>\n\n\n<p><\/p>\n","protected":false},"excerpt":{"rendered":"<p>Resultados Acumulados &#8211; Individuais e BirivasResultados Acumulados &#8211; Dan\u00e7as e Conjunto VocalCampe\u00e3o Geral Dan\u00e7as Apresentadas\u00a0Poesias DeclamadasM\u00fasicas Interpretadas &#8211; Solista VocalM\u00fasicas Executadas &#8211; Instrumentais<\/p>\n","protected":false},"author":1,"featured_media":0,"parent":0,"menu_order":6,"comment_status":"open","ping_status":"closed","template":"","meta":{"jetpack_post_was_ever_published":false,"footnotes":""},"class_list":["post-604","page","type-page","status-publish","hentry"],"jetpack_shortlink":"https:\/\/wp.me\/P2PHH9-9K","jetpack_sharing_enabled":true,"_links":{"self":[{"href":"https:\/\/www.frcg.com.br\/index.php?rest_route=\/wp\/v2\/pages\/604","targetHints":{"allow":["GET"]}}],"collection":[{"href":"https:\/\/www.frcg.com.br\/index.php?rest_route=\/wp\/v2\/pages"}],"about":[{"href":"https:\/\/www.frcg.com.br\/index.php?rest_route=\/wp\/v2\/types\/page"}],"author":[{"embeddable":true,"href":"https:\/\/www.frcg.com.br\/index.php?rest_route=\/wp\/v2\/users\/1"}],"replies":[{"embeddable":true,"href":"https:\/\/www.frcg.com.br\/index.php?rest_route=%2Fwp%2Fv2%2Fcomments&post=604"}],"version-history":[{"count":21,"href":"https:\/\/www.frcg.com.br\/index.php?rest_route=\/wp\/v2\/pages\/604\/revisions"}],"predecessor-version":[{"id":1339,"href":"https:\/\/www.frcg.com.br\/index.php?rest_route=\/wp\/v2\/pages\/604\/revisions\/1339"}],"wp:attachment":[{"href":"https:\/\/www.frcg.com.br\/index.php?rest_route=%2Fwp%2Fv2%2Fmedia&parent=604"}],"curies":[{"name":"wp","href":"https:\/\/api.w.org\/{rel}","templated":true}]}}